at are the prime factors of 214558243?
47, 4565069
What are the prime factors of 6459424174?
2, 7, 461387441
List the prime factors of 62617574.
2, 97, 322771
List the prime factors of 177977787.
3, 13, 351041
What are the prime factors of 21698807?
13, 71, 23509
List the prime factors of 964968242.
2, 7, 71, 970793
What are the prime factors of 47546240?
2, 5, 7, 10613
List the prime factors of 1060717087.
131, 8097077
List the prime factors of 274186354.
2, 13, 37, 421, 677
What are the prime factors of 34949897?
34949897
What are the prime factors of 2490074255?
5, 1019, 488729
List the prime factors of 4767668172.
2, 3, 43, 283, 10883
List the prime factors of 49955298.
2, 3, 2293, 3631
List the prime factors of 654900445.
5, 149, 879061
What are the prime factors of 46432092?
2, 3, 7, 79, 6997
List the prime factors of 42772366.
2, 7, 13, 235013
List the prime factors of 943955509.
7, 487, 276901
List the prime factors of 222459114.
2, 3, 4073, 9103
What are the prime factors of 134742673?
13, 487, 21283
List the prime factors of 159723882.
2, 3, 8873549
What are the prime factors of 295076277?
3, 43, 84719
List the prime factors of 295374287.
13, 22721099
What are the prime factors of 1843480725?
3, 5, 179, 353, 389
List the prime factors of 293825084.
2, 7, 10493753
What are the prime factors of 1829545118?
2, 6143, 148913
List the prime factors of 3545742.
2, 3, 19, 1637
List the prime factors of 311809841.
7, 37, 1203899
List the prime factors of 2320257.
3, 31, 61, 409
What are the prime factors of 1018982216?
2, 7, 181, 229, 439
What are the prime factors of 5474635611?
3, 4457, 409441
List the prime factors of 2585697216.
2, 3, 13467173
What are the prime factors of 858803347?
858803347
List the prime factors of 106608668.
2, 26652167
What are the prime factors of 45003134?
2, 11, 19, 23, 31, 151
List the prime factors of 20785066.
2, 31, 523, 641
What are the prime factors of 3677554?
2, 353, 5209
List the prime factors of 1452592705.
5, 290518541
What are the prime factors of 411333865?
5, 82266773
List the prime factors of 106768792.
2, 13, 157, 503
What are the prime factors of 3599668?
2, 899917
List the prime factors of 814607465.
5, 7, 23274499
List the prime factors of 18384394.
2, 7, 1313171
List the prime factors of 5366783275.
5, 7, 30667333
What are the prime factors of 67366414?
2, 89, 378463
List the prime factors of 368716101.
3, 13, 257, 36787
What are the prime factors of 2605681539?
3, 173, 1673527
List the prime factors of 4251760184.
2, 7, 10846327
What are the prime factors of 45001129?
59, 149, 5119
List the prime factors of 257478895.
5, 281, 183259
List the prime factors of 1722745409.
7, 11, 19, 1177543
List the prime factors of 253556936.
2, 31, 277, 3691
List the prime factors of 273052093.
47, 5809619
List the prime factors of 3664634.
2, 31, 59107
What are the prime factors of 87676202?
2, 439, 99859
What are the prime factors of 62412320?
2, 5, 390077
List the prime factors of 76431230.
2, 5, 7643123
List the prime factors of 5437873272.
2, 3, 13, 17429081
What are the prime factors of 105794477?
105794477
What are the prime factors of 1714901584?
2, 11, 9743759
List the prime factors of 275095331.
7, 197, 199489
What are the prime factors of 112153885?
5, 211, 106307
What are the prime factors of 79983580?
2, 5, 337, 11867
What are the prime factors of 360364359?
3, 3049, 39397
What are the prime factors of 76596749?
3457, 22157
What are the prime factors of 227115227?
19, 919, 13007
What are the prime factors of 964928656?
2, 151, 399391
List the prime factors of 1762618618.
2, 41, 1237, 17377
List the prime factors of 76757988.
2, 3, 467, 13697
What are the prime factors of 4988266?
2, 37, 67409
List the prime factors of 57954021.
3, 19318007
List the prime factors of 2449582.
2, 263, 4657
What are the prime factors of 5591368925?
5, 19, 29, 71, 5717
List the prime factors of 1725736078.
2, 11, 78442549
List the prime factors of 14480494.
2, 7, 601, 1721
List the prime factors of 772384666.
2, 23, 29, 578999
List the prime factors of 26246005.
5, 367, 14303
List the prime factors of 20517261.
3, 41, 166807
What are the prime factors of 34211093?
7, 4887299
List the prime factors of 12326598.
2, 3, 17, 40283
List the prime factors of 19734729.
3, 7, 939749
What are the prime factors of 740996664?
2, 3, 30874861
List the prime factors of 365717294.
2, 17, 41, 262351
List the prime factors of 66379071.
3, 11, 59, 103, 331
List the prime factors of 215782397.
13759, 15683
What are the prime factors of 47819083?
13, 3678391
List the prime factors of 8347651.
13, 283, 2269
What are the prime factors of 3605055592?
2, 19, 61, 293, 1327
What are the prime factors of 746609173?
523, 1427551
What are the prime factors of 28310318?
2, 2957, 4787
List the prime factors of 518417370.
2, 3, 5, 5760193
List the prime factors of 63602615.
5, 113, 112571
What are the prime factors of 488945489?
4261, 114749
What are the prime factors of 28704933?
3, 37, 86201
What are the prime factors of 168867951?
3, 7, 79, 101789
What are the prime factors of 128994135?
3, 5, 19, 452611
List the prime factors of 50475080.
2, 5, 29, 53, 821
What are the prime factors of 1889398636?
2, 37, 12766207
What are the prime factors of 163965873?
3, 23, 2376317
What are the prime factors of 104266153?
23, 251, 18061
List the prime factors of 131466885.
3, 5, 11, 796769
List the prime factors of 710954779.
59, 12050081
What are the prime factors of 58712941?
7, 8387563
List the prime factors of 3844260.
2, 3, 5, 7, 113
What are the prime factors of 19551897?
3, 2172433
What are the prime factors of 151223004?
2, 3, 73, 19181
What are the prime factors of 143833572?
2, 3, 19, 210283
List the prime factors of 131264481.
3, 43754827
What are the prime factors of 1626609600?
2, 3, 5, 7, 11, 163
What are the prime factors of 19121475?
3, 5, 193, 1321
List the prime factors of 211762910.
2, 5, 21176291
List the prime factors of 302158589.
97, 157, 19841
What are the prime factors of 416204414?
2, 71, 167, 17551
List the prime factors of 24929339.
149, 167311
List the prime factors of 18285487.
11, 103, 16139
What are the prime factors of 54771251?
3001, 18251
What are the prime factors of 17086122?
2, 3, 17, 55837
List the prime factors of 1502351899.
73, 20580163
List the prime factors of 65821891.
1493, 44087
What are the prime factors of 355250088?
2, 3, 17, 23, 12619
List the prime factors of 344938052.
2, 137, 629449
List the prime factors of 80236801.
929, 86369
What are the prime factors of 257355179?
257355179
What are the prime factors of 1181857837?
16097, 73421
List the prime factors of 360434218.
2, 19, 9485111
List the prime factors of 1229437082.
2, 233, 313, 8429
List the prime factors of 501510371.
501510371
List the prime factors of 15602122.
2, 1303, 5987
What are the prime factors of 2014809589?
13, 4261, 36373
List the prime factors of 294028113.
3, 23, 61, 69857
What are the prime factors of 1234715193?
3, 137190577
List the prime factors of 43605545.
5, 61, 142969
List the prime factors of 29780.
2, 5, 1489
List the prime factors of 1752485.
5, 7, 23, 311
List the prime factors of 787673846.
2, 47, 61, 137369
List the prime factors of 49838350.
2, 5, 181, 5507
List the prime factors of 2174668802.
2, 97, 193, 241
List the prime factors of 582428943.
3, 59, 1096853
What are the prime factors of 81606820?
2, 5, 4080341
What are the prime factors of 4208840894?
2, 743, 2832329
List the prime factors of 27886148.
2, 19, 366923
List the prime factors of 126660262.
2, 101, 607, 1033
What are the prime factors of 111114831?
3, 19, 1949383
List the prime factors of 69725208.
2, 3, 7, 415031
What are the prime factors of 123461826?
2, 3, 20576971
List the prime factors of 7510353177.
3, 17, 5381, 27367
List the prime factors of 1274066720.
2, 5, 7962917
List the prime factors of 4397669559.
3, 18133, 26947
List the prime factors of 2014752558.
2, 3, 7, 13, 31, 119033
What are the prime factors of 456192175?
5, 163, 111949
What are the prime factors of 98147785?
5, 23, 53, 16103
What are the prime factors of 7503831?
3, 833759
List the prime factors of 491132583.
3, 54570287
List the prime factors of 1613067952.
2, 2063, 48869
Wh